{"id":6465,"date":"2023-02-07T10:11:21","date_gmt":"2023-02-07T10:11:21","guid":{"rendered":"http:\/\/rogerbroilers.com\/about-2\/"},"modified":"2024-07-19T11:50:50","modified_gmt":"2024-07-19T09:50:50","slug":"nosotros","status":"publish","type":"page","link":"https:\/\/rogerbroilers.com\/?page_id=6465","title":{"rendered":"Nosotros"},"content":{"rendered":"\t\t<div data-elementor-type=\"wp-page\" data-elementor-id=\"6465\" class=\"elementor elementor-6465\" data-elementor-post-type=\"page\">\n\t\t\t\t\t\t<section class=\"elementor-section elementor-top-section elementor-element elementor-element-eff75ea elementor-section-boxed elementor-section-height-default elementor-section-height-default\" data-id=\"eff75ea\" data-element_type=\"section\">\n\t\t\t\t\t\t<div class=\"elementor-container elementor-column-gap-default\">\n\t\t\t\t\t<div class=\"elementor-column elementor-col-50 elementor-top-column elementor-element elementor-element-0cc0f4b\" data-id=\"0cc0f4b\" data-element_type=\"column\">\n\t\t\t<div class=\"elementor-widget-wrap elementor-element-populated\">\n\t\t\t\t\t\t<div class=\"elementor-element elementor-element-359bd6a0 elementor-widget elementor-widget-heading\" data-id=\"359bd6a0\" data-element_type=\"widget\" data-widget_type=\"heading.default\">\n\t\t\t\t<div class=\"elementor-widget-container\">\n\t\t\t<h2 class=\"elementor-heading-title elementor-size-default\">Quienes somos<\/h2>\t\t<\/div>\n\t\t\t\t<\/div>\n\t\t\t\t<div class=\"elementor-element elementor-element-a2f0a3f elementor-widget__width-initial elementor-widget elementor-widget-heading\" data-id=\"a2f0a3f\" data-element_type=\"widget\" data-widget_type=\"heading.default\">\n\t\t\t\t<div class=\"elementor-widget-container\">\n\t\t\t<h1 class=\"elementor-heading-title elementor-size-default\">Estamos construyendo un futuro mejor<\/h1>\t\t<\/div>\n\t\t\t\t<\/div>\n\t\t\t\t<div class=\"elementor-element elementor-element-b202d07 elementor-widget elementor-widget-image\" data-id=\"b202d07\" data-element_type=\"widget\" data-widget_type=\"image.default\">\n\t\t\t\t<div class=\"elementor-widget-container\">\n\t\t\t\t\t\t\t\t\t\t\t\t\t<img fetchpriority=\"high\" decoding=\"async\" width=\"1024\" height=\"780\" src=\"https:\/\/rogerbroilers.com\/wp-content\/uploads\/2024\/07\/DSC_0270_3-1024x780.jpg\" class=\"attachment-large size-large wp-image-7658\" alt=\"\" srcset=\"https:\/\/rogerbroilers.com\/wp-content\/uploads\/2024\/07\/DSC_0270_3-1024x780.jpg 1024w, https:\/\/rogerbroilers.com\/wp-content\/uploads\/2024\/07\/DSC_0270_3-300x229.jpg 300w, https:\/\/rogerbroilers.com\/wp-content\/uploads\/2024\/07\/DSC_0270_3-768x585.jpg 768w, https:\/\/rogerbroilers.com\/wp-content\/uploads\/2024\/07\/DSC_0270_3-1536x1170.jpg 1536w, https:\/\/rogerbroilers.com\/wp-content\/uploads\/2024\/07\/DSC_0270_3-600x457.jpg 600w, https:\/\/rogerbroilers.com\/wp-content\/uploads\/2024\/07\/DSC_0270_3.jpg 1739w\" sizes=\"(max-width: 1024px) 100vw, 1024px\" \/>\t\t\t\t\t\t\t\t\t\t\t\t\t<\/div>\n\t\t\t\t<\/div>\n\t\t\t\t\t<\/div>\n\t\t<\/div>\n\t\t\t\t<div class=\"elementor-column elementor-col-50 elementor-top-column elementor-element elementor-element-5106444\" data-id=\"5106444\" data-element_type=\"column\">\n\t\t\t<div class=\"elementor-widget-wrap elementor-element-populated\">\n\t\t\t\t\t\t<div class=\"elementor-element elementor-element-44ffe000 elementor-widget__width-initial elementor-widget elementor-widget-text-editor\" data-id=\"44ffe000\" data-element_type=\"widget\" data-widget_type=\"text-editor.default\">\n\t\t\t\t<div class=\"elementor-widget-container\">\n\t\t\t\t\t\t\t<p style=\"text-align: justify;\">Roger Broilers S.L. es una empresa moderna comprometida con la excelencia en la producci\u00f3n de carne de pollo, integrando tecnolog\u00eda avanzada y pr\u00e1cticas sostenibles para ofrecer productos de alta calidad mientras se promueve el bienestar animal y se minimiza el impacto ambiental. Con un enfoque en la innovaci\u00f3n y la responsabilidad social.<\/p><p style=\"text-align: justify;\"><strong>Nuestros valores:<\/strong><\/p><ul><li style=\"text-align: justify;\"><strong>Innovaci\u00f3n:<\/strong> Incorporar tecnolog\u00edas de vanguardia para mejorar la eficiencia y la calidad de todos los procesos.<\/li><li style=\"text-align: justify;\"><strong>Sostenibilidad:<\/strong> Implementar pr\u00e1cticas respetuosas con el medio ambiente implementando procedimientos que reducen el impacto ambiental.<\/li><li style=\"text-align: justify;\"><strong>Bienestar Animal:<\/strong> Asegurar condiciones \u00f3ptimas para la crianza de los animales en todas las etapas de su desarrollo.<\/li><li style=\"text-align: justify;\"><strong>Calidad:<\/strong> Mantener altos est\u00e1ndares as\u00ed como las normativas UNE \/ ISO-9001 en los procesos de producci\u00f3n.<\/li><li style=\"text-align: justify;\"><strong>Integridad:<\/strong> Actuar con \u00e9tica, respeto y transparencia en todas las operaciones relacionadas con el trato animal, el respeto por nuestros animales es el repeto por el <strong>cliente.<\/strong><\/li><\/ul>\t\t\t\t\t\t<\/div>\n\t\t\t\t<\/div>\n\t\t\t\t\t<\/div>\n\t\t<\/div>\n\t\t\t\t\t<\/div>\n\t\t<\/section>\n\t\t\t\t<section class=\"elementor-section elementor-top-section elementor-element elementor-element-827517b elementor-section-boxed elementor-section-height-default elementor-section-height-default\" data-id=\"827517b\" data-element_type=\"section\">\n\t\t\t\t\t\t<div class=\"elementor-container elementor-column-gap-default\">\n\t\t\t\t\t<div class=\"elementor-column elementor-col-50 elementor-top-column elementor-element elementor-element-6984ff3\" data-id=\"6984ff3\" data-element_type=\"column\">\n\t\t\t<div class=\"elementor-widget-wrap elementor-element-populated\">\n\t\t\t\t\t\t<div class=\"elementor-element elementor-element-c18a7e5 elementor-widget elementor-widget-image\" data-id=\"c18a7e5\" data-element_type=\"widget\" data-widget_type=\"image.default\">\n\t\t\t\t<div class=\"elementor-widget-container\">\n\t\t\t\t\t\t\t\t\t\t\t\t\t<img decoding=\"async\" width=\"300\" height=\"76\" src=\"https:\/\/rogerbroilers.com\/wp-content\/uploads\/2024\/07\/Financiado_por_la_Union_Europea_RGB_MONOCHROME-300x76.png\" class=\"attachment-medium size-medium wp-image-7781\" alt=\"\" srcset=\"https:\/\/rogerbroilers.com\/wp-content\/uploads\/2024\/07\/Financiado_por_la_Union_Europea_RGB_MONOCHROME-300x76.png 300w, https:\/\/rogerbroilers.com\/wp-content\/uploads\/2024\/07\/Financiado_por_la_Union_Europea_RGB_MONOCHROME-1024x259.png 1024w, https:\/\/rogerbroilers.com\/wp-content\/uploads\/2024\/07\/Financiado_por_la_Union_Europea_RGB_MONOCHROME-768x194.png 768w, https:\/\/rogerbroilers.com\/wp-content\/uploads\/2024\/07\/Financiado_por_la_Union_Europea_RGB_MONOCHROME-1536x389.png 1536w, https:\/\/rogerbroilers.com\/wp-content\/uploads\/2024\/07\/Financiado_por_la_Union_Europea_RGB_MONOCHROME-2048x518.png 2048w, https:\/\/rogerbroilers.com\/wp-content\/uploads\/2024\/07\/Financiado_por_la_Union_Europea_RGB_MONOCHROME-600x152.png 600w\" sizes=\"(max-width: 300px) 100vw, 300px\" \/>\t\t\t\t\t\t\t\t\t\t\t\t\t<\/div>\n\t\t\t\t<\/div>\n\t\t\t\t\t<\/div>\n\t\t<\/div>\n\t\t\t\t<div class=\"elementor-column elementor-col-50 elementor-top-column elementor-element elementor-element-05b65b5\" data-id=\"05b65b5\" data-element_type=\"column\">\n\t\t\t<div class=\"elementor-widget-wrap elementor-element-populated\">\n\t\t\t\t\t\t<div class=\"elementor-element elementor-element-7b45657 elementor-widget elementor-widget-image\" data-id=\"7b45657\" data-element_type=\"widget\" data-widget_type=\"image.default\">\n\t\t\t\t<div class=\"elementor-widget-container\">\n\t\t\t\t\t\t\t\t\t\t\t\t\t<img decoding=\"async\" width=\"300\" height=\"67\" src=\"https:\/\/rogerbroilers.com\/wp-content\/uploads\/2024\/07\/PRTR-tres-lineas_COLOR-300x67.png\" class=\"attachment-medium size-medium wp-image-7780\" alt=\"\" srcset=\"https:\/\/rogerbroilers.com\/wp-content\/uploads\/2024\/07\/PRTR-tres-lineas_COLOR-300x67.png 300w, https:\/\/rogerbroilers.com\/wp-content\/uploads\/2024\/07\/PRTR-tres-lineas_COLOR-1024x227.png 1024w, https:\/\/rogerbroilers.com\/wp-content\/uploads\/2024\/07\/PRTR-tres-lineas_COLOR-768x170.png 768w, https:\/\/rogerbroilers.com\/wp-content\/uploads\/2024\/07\/PRTR-tres-lineas_COLOR-1536x341.png 1536w, https:\/\/rogerbroilers.com\/wp-content\/uploads\/2024\/07\/PRTR-tres-lineas_COLOR-600x133.png 600w, https:\/\/rogerbroilers.com\/wp-content\/uploads\/2024\/07\/PRTR-tres-lineas_COLOR.png 1821w\" sizes=\"(max-width: 300px) 100vw, 300px\" \/>\t\t\t\t\t\t\t\t\t\t\t\t\t<\/div>\n\t\t\t\t<\/div>\n\t\t\t\t\t<\/div>\n\t\t<\/div>\n\t\t\t\t\t<\/div>\n\t\t<\/section>\n\t\t\t\t<\/div>\n\t\t","protected":false},"excerpt":{"rendered":"<p>Quienes somos Estamos construyendo un futuro mejor Roger Broilers S.L. es una empresa moderna comprometida con la excelencia en la producci\u00f3n de carne de pollo, integrando tecnolog\u00eda avanzada y pr\u00e1cticas<span class=\"more-dots\">&#8230;<\/span> <span class=\"more-tag\"><a class=\"more-link\" href=\"https:\/\/rogerbroilers.com\/?page_id=6465\">Saber m\u00e1s<span class=\"screen-reader-text\"> \"Nosotros\"<\/span><\/a><\/span><!-- .more-tag --><\/p>\n","protected":false},"author":1,"featured_media":0,"parent":0,"menu_order":0,"comment_status":"closed","ping_status":"closed","template":"page-templates\/full-width.php","meta":{"footnotes":""},"class_list":["post-6465","page","type-page","status-publish","hentry"],"_links":{"self":[{"href":"https:\/\/rogerbroilers.com\/index.php?rest_route=\/wp\/v2\/pages\/6465","targetHints":{"allow":["GET"]}}],"collection":[{"href":"https:\/\/rogerbroilers.com\/index.php?rest_route=\/wp\/v2\/pages"}],"about":[{"href":"https:\/\/rogerbroilers.com\/index.php?rest_route=\/wp\/v2\/types\/page"}],"author":[{"embeddable":true,"href":"https:\/\/rogerbroilers.com\/index.php?rest_route=\/wp\/v2\/users\/1"}],"replies":[{"embeddable":true,"href":"https:\/\/rogerbroilers.com\/index.php?rest_route=%2Fwp%2Fv2%2Fcomments&post=6465"}],"version-history":[{"count":64,"href":"https:\/\/rogerbroilers.com\/index.php?rest_route=\/wp\/v2\/pages\/6465\/revisions"}],"predecessor-version":[{"id":7799,"href":"https:\/\/rogerbroilers.com\/index.php?rest_route=\/wp\/v2\/pages\/6465\/revisions\/7799"}],"wp:attachment":[{"href":"https:\/\/rogerbroilers.com\/index.php?rest_route=%2Fwp%2Fv2%2Fmedia&parent=6465"}],"curies":[{"name":"wp","href":"https:\/\/api.w.org\/{rel}","templated":true}]}}