{"id":6542,"date":"2023-02-07T10:13:01","date_gmt":"2023-02-07T10:13:01","guid":{"rendered":"http:\/\/rogerbroilers.com\/services-2\/"},"modified":"2024-07-22T17:09:03","modified_gmt":"2024-07-22T15:09:03","slug":"empresa","status":"publish","type":"page","link":"https:\/\/rogerbroilers.com\/?page_id=6542","title":{"rendered":"Empresa"},"content":{"rendered":"\t\t<div data-elementor-type=\"wp-page\" data-elementor-id=\"6542\" class=\"elementor elementor-6542\" data-elementor-post-type=\"page\">\n\t\t\t\t\t\t<section class=\"elementor-section elementor-top-section elementor-element elementor-element-54cc2fd5 elementor-section-stretched elementor-section-boxed elementor-section-height-default elementor-section-height-default\" data-id=\"54cc2fd5\" data-element_type=\"section\" data-settings=\"{&quot;stretch_section&quot;:&quot;section-stretched&quot;}\">\n\t\t\t\t\t\t<div class=\"elementor-container elementor-column-gap-no\">\n\t\t\t\t\t<div class=\"elementor-column elementor-col-50 elementor-top-column elementor-element elementor-element-2d8ac15f\" data-id=\"2d8ac15f\" data-element_type=\"column\">\n\t\t\t<div class=\"elementor-widget-wrap elementor-element-populated\">\n\t\t\t\t\t\t<div class=\"elementor-element elementor-element-1c6b76cc elementor-widget elementor-widget-image\" data-id=\"1c6b76cc\" data-element_type=\"widget\" data-widget_type=\"image.default\">\n\t\t\t\t<div class=\"elementor-widget-container\">\n\t\t\t\t\t\t\t\t\t\t\t\t\t<img decoding=\"async\" src=\"https:\/\/rogerbroilers.com\/wp-content\/uploads\/2024\/07\/IMG_20444996-scaled.jpg\" title=\"IMG_20444996\" alt=\"IMG_20444996\" loading=\"lazy\" \/>\t\t\t\t\t\t\t\t\t\t\t\t\t<\/div>\n\t\t\t\t<\/div>\n\t\t\t\t\t<\/div>\n\t\t<\/div>\n\t\t\t\t<div class=\"elementor-column elementor-col-50 elementor-top-column elementor-element elementor-element-437436f\" data-id=\"437436f\" data-element_type=\"column\">\n\t\t\t<div class=\"elementor-widget-wrap elementor-element-populated\">\n\t\t\t\t\t\t<div class=\"elementor-section elementor-inner-section elementor-element elementor-element-5ff07ec1 elementor-section-full_width elementor-section-height-default elementor-section-height-default\" data-id=\"5ff07ec1\" data-element_type=\"section\">\n\t\t\t\t\t\t<div class=\"elementor-container elementor-column-gap-default\">\n\t\t\t\t\t<div class=\"elementor-column elementor-col-100 elementor-inner-column elementor-element elementor-element-379715f3\" data-id=\"379715f3\" data-element_type=\"column\">\n\t\t\t<div class=\"elementor-widget-wrap elementor-element-populated\">\n\t\t\t\t\t\t<div class=\"elementor-element elementor-element-6ce48cd5 elementor-widget elementor-widget-heading\" data-id=\"6ce48cd5\" data-element_type=\"widget\" data-widget_type=\"heading.default\">\n\t\t\t\t<div class=\"elementor-widget-container\">\n\t\t\t<h2 class=\"elementor-heading-title elementor-size-default\">Principios<\/h2>\t\t<\/div>\n\t\t\t\t<\/div>\n\t\t\t\t<div class=\"elementor-element elementor-element-2d3384eb elementor-widget__width-initial elementor-absolute elementor-widget-tablet__width-inherit elementor-widget-mobile__width-inherit elementor-widget elementor-widget-heading\" data-id=\"2d3384eb\" data-element_type=\"widget\" data-settings=\"{&quot;_position&quot;:&quot;absolute&quot;}\" data-widget_type=\"heading.default\">\n\t\t\t\t<div class=\"elementor-widget-container\">\n\t\t\t<h2 class=\"elementor-heading-title elementor-size-default\">01<\/h2>\t\t<\/div>\n\t\t\t\t<\/div>\n\t\t\t\t\t<\/div>\n\t\t<\/div>\n\t\t\t\t\t<\/div>\n\t\t<\/div>\n\t\t\t\t<div class=\"elementor-element elementor-element-5fc60367 main2-hover elementor-widget elementor-widget-heading\" data-id=\"5fc60367\" data-element_type=\"widget\" data-widget_type=\"heading.default\">\n\t\t\t\t<div class=\"elementor-widget-container\">\n\t\t\t<h2 class=\"elementor-heading-title elementor-size-default\">Crecimiento<\/h2>\t\t<\/div>\n\t\t\t\t<\/div>\n\t\t\t\t<div class=\"elementor-element elementor-element-7ba6d90 elementor-widget elementor-widget-text-editor\" data-id=\"7ba6d90\" data-element_type=\"widget\" data-widget_type=\"text-editor.default\">\n\t\t\t\t<div class=\"elementor-widget-container\">\n\t\t\t\t\t\t\t<p style=\"text-align: justify;\">La avicultura es una actividad que ha experimentado un crecimiento significativo en los \u00faltimos a\u00f1os debido a la demanda creciente de carne de pollo. Sin embargo, este crecimiento tambi\u00e9n ha llevado a un aumento en la deforestaci\u00f3n y la degradaci\u00f3n del medio ambiente. Es por eso que Roger Broilers ha decidido tomar medidas para convertirse en una empresa sostenible y contribuir a la conservaci\u00f3n del planeta.<\/p><p>Roger Broilers es una empresa responsable y adaptada a la nueva normativa publicada respecto a la ley del bienestar animal en explotaciones av\u00edcolas. <a href=\"https:\/\/rogerbroilers.com\/wp-content\/uploads\/2024\/07\/normativabienestaranimal_tcm30-645309.pdf\" target=\"_blank\" rel=\"noopener\">Descargar normativa<\/a><\/p>\t\t\t\t\t\t<\/div>\n\t\t\t\t<\/div>\n\t\t\t\t\t<\/div>\n\t\t<\/div>\n\t\t\t\t\t<\/div>\n\t\t<\/section>\n\t\t\t\t<section class=\"elementor-section elementor-top-section elementor-element elementor-element-2a130ec8 elementor-section-stretched elementor-reverse-mobile elementor-section-boxed elementor-section-height-default elementor-section-height-default\" data-id=\"2a130ec8\" data-element_type=\"section\" data-settings=\"{&quot;stretch_section&quot;:&quot;section-stretched&quot;}\">\n\t\t\t\t\t\t<div class=\"elementor-container elementor-column-gap-no\">\n\t\t\t\t\t<div class=\"elementor-column elementor-col-50 elementor-top-column elementor-element elementor-element-5c35c21e\" data-id=\"5c35c21e\" data-element_type=\"column\">\n\t\t\t<div class=\"elementor-widget-wrap elementor-element-populated\">\n\t\t\t\t\t\t<div class=\"elementor-section elementor-inner-section elementor-element elementor-element-75c5579 elementor-section-full_width elementor-section-height-default elementor-section-height-default\" data-id=\"75c5579\" data-element_type=\"section\">\n\t\t\t\t\t\t<div class=\"elementor-container elementor-column-gap-default\">\n\t\t\t\t\t<div class=\"elementor-column elementor-col-100 elementor-inner-column elementor-element elementor-element-3aabe41c\" data-id=\"3aabe41c\" data-element_type=\"column\">\n\t\t\t<div class=\"elementor-widget-wrap elementor-element-populated\">\n\t\t\t\t\t\t<div class=\"elementor-element elementor-element-499eaa13 elementor-widget elementor-widget-heading\" data-id=\"499eaa13\" data-element_type=\"widget\" data-widget_type=\"heading.default\">\n\t\t\t\t<div class=\"elementor-widget-container\">\n\t\t\t<h2 class=\"elementor-heading-title elementor-size-default\">Principios<\/h2>\t\t<\/div>\n\t\t\t\t<\/div>\n\t\t\t\t<div class=\"elementor-element elementor-element-342a14ab elementor-widget__width-initial elementor-absolute elementor-widget-tablet__width-inherit elementor-widget-mobile__width-inherit elementor-widget elementor-widget-heading\" data-id=\"342a14ab\" data-element_type=\"widget\" data-settings=\"{&quot;_position&quot;:&quot;absolute&quot;}\" data-widget_type=\"heading.default\">\n\t\t\t\t<div class=\"elementor-widget-container\">\n\t\t\t<h2 class=\"elementor-heading-title elementor-size-default\">02<\/h2>\t\t<\/div>\n\t\t\t\t<\/div>\n\t\t\t\t\t<\/div>\n\t\t<\/div>\n\t\t\t\t\t<\/div>\n\t\t<\/div>\n\t\t\t\t<div class=\"elementor-element elementor-element-97d4423 main2-hover elementor-widget elementor-widget-heading\" data-id=\"97d4423\" data-element_type=\"widget\" data-widget_type=\"heading.default\">\n\t\t\t\t<div class=\"elementor-widget-container\">\n\t\t\t<h2 class=\"elementor-heading-title elementor-size-default\">Sostenibilidad<\/h2>\t\t<\/div>\n\t\t\t\t<\/div>\n\t\t\t\t<div class=\"elementor-element elementor-element-37e516d elementor-widget elementor-widget-text-editor\" data-id=\"37e516d\" data-element_type=\"widget\" data-widget_type=\"text-editor.default\">\n\t\t\t\t<div class=\"elementor-widget-container\">\n\t\t\t\t\t\t\t<p style=\"text-align: justify;\">En primer lugar, Roger Broilers ha implementado pr\u00e1cticas de avicultura sostenible que minimizan el impacto ambiental. Por ejemplo, han adoptado sistemas de cr\u00eda de pollos en espacios abiertos, lo que reduce la necesidad de construir grandes instalaciones y disminuye la emisi\u00f3n de gases de efecto invernadero. Adem\u00e1s, han implementado medidas para reducir el consumo de agua y energ\u00eda en sus operaciones, como el uso de sistemas de riego eficientes y la instalaci\u00f3n de paneles solares.<\/p>\t\t\t\t\t\t<\/div>\n\t\t\t\t<\/div>\n\t\t\t\t\t<\/div>\n\t\t<\/div>\n\t\t\t\t<div class=\"elementor-column elementor-col-50 elementor-top-column elementor-element elementor-element-434724da\" data-id=\"434724da\" data-element_type=\"column\">\n\t\t\t<div class=\"elementor-widget-wrap elementor-element-populated\">\n\t\t\t\t\t\t<div class=\"elementor-element elementor-element-3974a3ff elementor-widget elementor-widget-image\" data-id=\"3974a3ff\" data-element_type=\"widget\" data-widget_type=\"image.default\">\n\t\t\t\t<div class=\"elementor-widget-container\">\n\t\t\t\t\t\t\t\t\t\t\t\t\t<img decoding=\"async\" src=\"https:\/\/rogerbroilers.com\/wp-content\/uploads\/elementor\/thumbs\/iStock_000024262498_Small-726x404-1-qqxzy11j3z0cjmrki3m6jcvlyutedwrvdhzrumaug0.jpg\" title=\"iStock_000024262498_Small-726&#215;404\" alt=\"iStock_000024262498_Small-726x404\" loading=\"lazy\" \/>\t\t\t\t\t\t\t\t\t\t\t\t\t<\/div>\n\t\t\t\t<\/div>\n\t\t\t\t\t<\/div>\n\t\t<\/div>\n\t\t\t\t\t<\/div>\n\t\t<\/section>\n\t\t\t\t<section class=\"elementor-section elementor-top-section elementor-element elementor-element-4d7f7589 elementor-section-stretched elementor-section-boxed elementor-section-height-default elementor-section-height-default\" data-id=\"4d7f7589\" data-element_type=\"section\" data-settings=\"{&quot;stretch_section&quot;:&quot;section-stretched&quot;}\">\n\t\t\t\t\t\t<div class=\"elementor-container elementor-column-gap-no\">\n\t\t\t\t\t<div class=\"elementor-column elementor-col-50 elementor-top-column elementor-element elementor-element-1c9393b5\" data-id=\"1c9393b5\" data-element_type=\"column\">\n\t\t\t<div class=\"elementor-widget-wrap elementor-element-populated\">\n\t\t\t\t\t\t<div class=\"elementor-element elementor-element-bcb6aa6 elementor-widget elementor-widget-image\" data-id=\"bcb6aa6\" data-element_type=\"widget\" data-widget_type=\"image.default\">\n\t\t\t\t<div class=\"elementor-widget-container\">\n\t\t\t\t\t\t\t\t\t\t\t\t\t<img decoding=\"async\" src=\"https:\/\/rogerbroilers.com\/wp-content\/uploads\/elementor\/thumbs\/reforestacion-startups-espana-1-1024x445-1-qqxzy11j3z0jpfu2iq5jiuf43p9vbyysa7x0k5l33y.jpg\" title=\"reforestacion-startups-espana-1-1024&#215;445-1\" alt=\"reforestacion-startups-espana-1-1024x445-1\" loading=\"lazy\" \/>\t\t\t\t\t\t\t\t\t\t\t\t\t<\/div>\n\t\t\t\t<\/div>\n\t\t\t\t\t<\/div>\n\t\t<\/div>\n\t\t\t\t<div class=\"elementor-column elementor-col-50 elementor-top-column elementor-element elementor-element-109f12d4\" data-id=\"109f12d4\" data-element_type=\"column\">\n\t\t\t<div class=\"elementor-widget-wrap elementor-element-populated\">\n\t\t\t\t\t\t<div class=\"elementor-section elementor-inner-section elementor-element elementor-element-6dce09fe elementor-section-full_width elementor-section-height-default elementor-section-height-default\" data-id=\"6dce09fe\" data-element_type=\"section\">\n\t\t\t\t\t\t<div class=\"elementor-container elementor-column-gap-default\">\n\t\t\t\t\t<div class=\"elementor-column elementor-col-100 elementor-inner-column elementor-element elementor-element-65dd1190\" data-id=\"65dd1190\" data-element_type=\"column\">\n\t\t\t<div class=\"elementor-widget-wrap elementor-element-populated\">\n\t\t\t\t\t\t<div class=\"elementor-element elementor-element-75e1972 elementor-widget elementor-widget-heading\" data-id=\"75e1972\" data-element_type=\"widget\" data-widget_type=\"heading.default\">\n\t\t\t\t<div class=\"elementor-widget-container\">\n\t\t\t<h2 class=\"elementor-heading-title elementor-size-default\">Principios<\/h2>\t\t<\/div>\n\t\t\t\t<\/div>\n\t\t\t\t<div class=\"elementor-element elementor-element-3141a3a7 elementor-widget__width-initial elementor-absolute elementor-widget-tablet__width-inherit elementor-widget-mobile__width-inherit elementor-widget elementor-widget-heading\" data-id=\"3141a3a7\" data-element_type=\"widget\" data-settings=\"{&quot;_position&quot;:&quot;absolute&quot;}\" data-widget_type=\"heading.default\">\n\t\t\t\t<div class=\"elementor-widget-container\">\n\t\t\t<h2 class=\"elementor-heading-title elementor-size-default\">03<\/h2>\t\t<\/div>\n\t\t\t\t<\/div>\n\t\t\t\t\t<\/div>\n\t\t<\/div>\n\t\t\t\t\t<\/div>\n\t\t<\/div>\n\t\t\t\t<div class=\"elementor-element elementor-element-199f6d1a main2-hover elementor-widget elementor-widget-heading\" data-id=\"199f6d1a\" data-element_type=\"widget\" data-widget_type=\"heading.default\">\n\t\t\t\t<div class=\"elementor-widget-container\">\n\t\t\t<h2 class=\"elementor-heading-title elementor-size-default\">Ecolog\u00eda<\/h2>\t\t<\/div>\n\t\t\t\t<\/div>\n\t\t\t\t<div class=\"elementor-element elementor-element-aea267c elementor-widget elementor-widget-text-editor\" data-id=\"aea267c\" data-element_type=\"widget\" data-widget_type=\"text-editor.default\">\n\t\t\t\t<div class=\"elementor-widget-container\">\n\t\t\t\t\t\t\t<p style=\"text-align: justify;\">Adem\u00e1s, Roger Broilers ha puesto \u00e9nfasis en la reforestaci\u00f3n como parte de su compromiso con la sostenibilidad. Han destinado una parte de sus tierras para la plantaci\u00f3n de \u00e1rboles nativos, lo que ayuda a restaurar los ecosistemas y a conservar la biodiversidad. Esta iniciativa tambi\u00e9n contribuye a la captura de carbono y a la mitigaci\u00f3n del cambio clim\u00e1tico.<\/p><p style=\"text-align: justify;\">Un ejemplo concreto de la labor de Roger Broilers en la reforestaci\u00f3n es su participaci\u00f3n en un proyecto de restauraci\u00f3n de bosques en colaboraci\u00f3n con organizaciones ambientales. Han plantado miles de \u00e1rboles en \u00e1reas deforestadas, lo que ha permitido la recuperaci\u00f3n de la vegetaci\u00f3n y la protecci\u00f3n de especies en peligro de extinci\u00f3n.<\/p>\t\t\t\t\t\t<\/div>\n\t\t\t\t<\/div>\n\t\t\t\t\t<\/div>\n\t\t<\/div>\n\t\t\t\t\t<\/div>\n\t\t<\/section>\n\t\t\t\t<section class=\"elementor-section elementor-top-section elementor-element elementor-element-647302f6 elementor-section-stretched elementor-reverse-mobile elementor-section-boxed elementor-section-height-default elementor-section-height-default\" data-id=\"647302f6\" data-element_type=\"section\" data-settings=\"{&quot;stretch_section&quot;:&quot;section-stretched&quot;}\">\n\t\t\t\t\t\t<div class=\"elementor-container elementor-column-gap-no\">\n\t\t\t\t\t<div class=\"elementor-column elementor-col-50 elementor-top-column elementor-element elementor-element-3c35f370\" data-id=\"3c35f370\" data-element_type=\"column\">\n\t\t\t<div class=\"elementor-widget-wrap elementor-element-populated\">\n\t\t\t\t\t\t<div class=\"elementor-section elementor-inner-section elementor-element elementor-element-18770d70 elementor-section-full_width elementor-section-height-default elementor-section-height-default\" data-id=\"18770d70\" data-element_type=\"section\">\n\t\t\t\t\t\t<div class=\"elementor-container elementor-column-gap-default\">\n\t\t\t\t\t<div class=\"elementor-column elementor-col-100 elementor-inner-column elementor-element elementor-element-6e737650\" data-id=\"6e737650\" data-element_type=\"column\">\n\t\t\t<div class=\"elementor-widget-wrap elementor-element-populated\">\n\t\t\t\t\t\t<div class=\"elementor-element elementor-element-ce72883 elementor-widget elementor-widget-heading\" data-id=\"ce72883\" data-element_type=\"widget\" data-widget_type=\"heading.default\">\n\t\t\t\t<div class=\"elementor-widget-container\">\n\t\t\t<h2 class=\"elementor-heading-title elementor-size-default\">Principios<\/h2>\t\t<\/div>\n\t\t\t\t<\/div>\n\t\t\t\t<div class=\"elementor-element elementor-element-4fc8adec elementor-widget__width-initial elementor-absolute elementor-widget-tablet__width-inherit elementor-widget-mobile__width-inherit elementor-widget elementor-widget-heading\" data-id=\"4fc8adec\" data-element_type=\"widget\" data-settings=\"{&quot;_position&quot;:&quot;absolute&quot;}\" data-widget_type=\"heading.default\">\n\t\t\t\t<div class=\"elementor-widget-container\">\n\t\t\t<h2 class=\"elementor-heading-title elementor-size-default\">04<\/h2>\t\t<\/div>\n\t\t\t\t<\/div>\n\t\t\t\t\t<\/div>\n\t\t<\/div>\n\t\t\t\t\t<\/div>\n\t\t<\/div>\n\t\t\t\t<div class=\"elementor-element elementor-element-38d5a84c main2-hover elementor-widget elementor-widget-heading\" data-id=\"38d5a84c\" data-element_type=\"widget\" data-widget_type=\"heading.default\">\n\t\t\t\t<div class=\"elementor-widget-container\">\n\t\t\t<h2 class=\"elementor-heading-title elementor-size-default\">Compromiso<\/h2>\t\t<\/div>\n\t\t\t\t<\/div>\n\t\t\t\t<div class=\"elementor-element elementor-element-5f5af40 elementor-widget elementor-widget-text-editor\" data-id=\"5f5af40\" data-element_type=\"widget\" data-widget_type=\"text-editor.default\">\n\t\t\t\t<div class=\"elementor-widget-container\">\n\t\t\t\t\t\t\t<p style=\"text-align: justify;\">En conclusi\u00f3n, Roger Broilers ha demostrado su compromiso con la sostenibilidad a trav\u00e9s de la implementaci\u00f3n de pr\u00e1cticas de avicultura sostenible y la participaci\u00f3n en proyectos de reforestaci\u00f3n. Su enfoque en la conservaci\u00f3n del medio ambiente y el bienestar animal es un ejemplo a seguir para otras empresas del sector. Es fundamental que m\u00e1s empresas sigan su ejemplo y adopten medidas para minimizar su impacto en el medio ambiente y contribuir a la construcci\u00f3n de un planeta sostenible.<\/p>\t\t\t\t\t\t<\/div>\n\t\t\t\t<\/div>\n\t\t\t\t\t<\/div>\n\t\t<\/div>\n\t\t\t\t<div class=\"elementor-column elementor-col-50 elementor-top-column elementor-element elementor-element-3770c5b\" data-id=\"3770c5b\" data-element_type=\"column\">\n\t\t\t<div class=\"elementor-widget-wrap elementor-element-populated\">\n\t\t\t\t\t\t<div class=\"elementor-element elementor-element-737f4547 elementor-widget elementor-widget-image\" data-id=\"737f4547\" data-element_type=\"widget\" data-widget_type=\"image.default\">\n\t\t\t\t<div class=\"elementor-widget-container\">\n\t\t\t\t\t\t\t\t\t\t\t\t\t<img decoding=\"async\" src=\"https:\/\/rogerbroilers.com\/wp-content\/uploads\/elementor\/thumbs\/handshake-partnership-trust-care-support-600nw-2311883657-qqxzy11j3z0ahz152hqxonalxgyz9bkr45fznbncjg.jpg\" title=\"handshake-partnership-trust-care-support-600nw-2311883657\" alt=\"handshake-partnership-trust-care-support-600nw-2311883657\" loading=\"lazy\" \/>\t\t\t\t\t\t\t\t\t\t\t\t\t<\/div>\n\t\t\t\t<\/div>\n\t\t\t\t\t<\/div>\n\t\t<\/div>\n\t\t\t\t\t<\/div>\n\t\t<\/section>\n\t\t\t\t<section class=\"elementor-section elementor-top-section elementor-element elementor-element-8f08cbc elementor-section-boxed elementor-section-height-default elementor-section-height-default\" data-id=\"8f08cbc\" data-element_type=\"section\">\n\t\t\t\t\t\t<div class=\"elementor-container elementor-column-gap-default\">\n\t\t\t\t\t<div class=\"elementor-column elementor-col-50 elementor-top-column elementor-element elementor-element-84676b3\" data-id=\"84676b3\" data-element_type=\"column\">\n\t\t\t<div class=\"elementor-widget-wrap elementor-element-populated\">\n\t\t\t\t\t\t<div class=\"elementor-element elementor-element-2c1a684 elementor-widget elementor-widget-image\" data-id=\"2c1a684\" data-element_type=\"widget\" data-widget_type=\"image.default\">\n\t\t\t\t<div class=\"elementor-widget-container\">\n\t\t\t\t\t\t\t\t\t\t\t\t\t<img decoding=\"async\" width=\"300\" height=\"76\" src=\"https:\/\/rogerbroilers.com\/wp-content\/uploads\/2024\/07\/Financiado_por_la_Union_Europea_RGB_MONOCHROME-300x76.png\" class=\"attachment-medium size-medium wp-image-7781\" alt=\"\" srcset=\"https:\/\/rogerbroilers.com\/wp-content\/uploads\/2024\/07\/Financiado_por_la_Union_Europea_RGB_MONOCHROME-300x76.png 300w, https:\/\/rogerbroilers.com\/wp-content\/uploads\/2024\/07\/Financiado_por_la_Union_Europea_RGB_MONOCHROME-1024x259.png 1024w, https:\/\/rogerbroilers.com\/wp-content\/uploads\/2024\/07\/Financiado_por_la_Union_Europea_RGB_MONOCHROME-768x194.png 768w, https:\/\/rogerbroilers.com\/wp-content\/uploads\/2024\/07\/Financiado_por_la_Union_Europea_RGB_MONOCHROME-1536x389.png 1536w, https:\/\/rogerbroilers.com\/wp-content\/uploads\/2024\/07\/Financiado_por_la_Union_Europea_RGB_MONOCHROME-2048x518.png 2048w, https:\/\/rogerbroilers.com\/wp-content\/uploads\/2024\/07\/Financiado_por_la_Union_Europea_RGB_MONOCHROME-600x152.png 600w\" sizes=\"(max-width: 300px) 100vw, 300px\" \/>\t\t\t\t\t\t\t\t\t\t\t\t\t<\/div>\n\t\t\t\t<\/div>\n\t\t\t\t\t<\/div>\n\t\t<\/div>\n\t\t\t\t<div class=\"elementor-column elementor-col-50 elementor-top-column elementor-element elementor-element-0784695\" data-id=\"0784695\" data-element_type=\"column\">\n\t\t\t<div class=\"elementor-widget-wrap elementor-element-populated\">\n\t\t\t\t\t\t<div class=\"elementor-element elementor-element-b416dd3 elementor-widget elementor-widget-image\" data-id=\"b416dd3\" data-element_type=\"widget\" data-widget_type=\"image.default\">\n\t\t\t\t<div class=\"elementor-widget-container\">\n\t\t\t\t\t\t\t\t\t\t\t\t\t<img decoding=\"async\" width=\"300\" height=\"67\" src=\"https:\/\/rogerbroilers.com\/wp-content\/uploads\/2024\/07\/PRTR-tres-lineas_COLOR-300x67.png\" class=\"attachment-medium size-medium wp-image-7780\" alt=\"\" srcset=\"https:\/\/rogerbroilers.com\/wp-content\/uploads\/2024\/07\/PRTR-tres-lineas_COLOR-300x67.png 300w, https:\/\/rogerbroilers.com\/wp-content\/uploads\/2024\/07\/PRTR-tres-lineas_COLOR-1024x227.png 1024w, https:\/\/rogerbroilers.com\/wp-content\/uploads\/2024\/07\/PRTR-tres-lineas_COLOR-768x170.png 768w, https:\/\/rogerbroilers.com\/wp-content\/uploads\/2024\/07\/PRTR-tres-lineas_COLOR-1536x341.png 1536w, https:\/\/rogerbroilers.com\/wp-content\/uploads\/2024\/07\/PRTR-tres-lineas_COLOR-600x133.png 600w, https:\/\/rogerbroilers.com\/wp-content\/uploads\/2024\/07\/PRTR-tres-lineas_COLOR.png 1821w\" sizes=\"(max-width: 300px) 100vw, 300px\" \/>\t\t\t\t\t\t\t\t\t\t\t\t\t<\/div>\n\t\t\t\t<\/div>\n\t\t\t\t\t<\/div>\n\t\t<\/div>\n\t\t\t\t\t<\/div>\n\t\t<\/section>\n\t\t\t\t<\/div>\n\t\t","protected":false},"excerpt":{"rendered":"<p>Principios 01 Crecimiento La avicultura es una actividad que ha experimentado un crecimiento significativo en los \u00faltimos a\u00f1os debido a la demanda creciente de carne de pollo. Sin embargo, este<span class=\"more-dots\">&#8230;<\/span> <span class=\"more-tag\"><a class=\"more-link\" href=\"https:\/\/rogerbroilers.com\/?page_id=6542\">Saber m\u00e1s<span class=\"screen-reader-text\"> \"Empresa\"<\/span><\/a><\/span><!-- .more-tag --><\/p>\n","protected":false},"author":1,"featured_media":0,"parent":0,"menu_order":0,"comment_status":"closed","ping_status":"closed","template":"page-templates\/full-width.php","meta":{"footnotes":""},"class_list":["post-6542","page","type-page","status-publish","hentry"],"_links":{"self":[{"href":"https:\/\/rogerbroilers.com\/index.php?rest_route=\/wp\/v2\/pages\/6542","targetHints":{"allow":["GET"]}}],"collection":[{"href":"https:\/\/rogerbroilers.com\/index.php?rest_route=\/wp\/v2\/pages"}],"about":[{"href":"https:\/\/rogerbroilers.com\/index.php?rest_route=\/wp\/v2\/types\/page"}],"author":[{"embeddable":true,"href":"https:\/\/rogerbroilers.com\/index.php?rest_route=\/wp\/v2\/users\/1"}],"replies":[{"embeddable":true,"href":"https:\/\/rogerbroilers.com\/index.php?rest_route=%2Fwp%2Fv2%2Fcomments&post=6542"}],"version-history":[{"count":49,"href":"https:\/\/rogerbroilers.com\/index.php?rest_route=\/wp\/v2\/pages\/6542\/revisions"}],"predecessor-version":[{"id":7831,"href":"https:\/\/rogerbroilers.com\/index.php?rest_route=\/wp\/v2\/pages\/6542\/revisions\/7831"}],"wp:attachment":[{"href":"https:\/\/rogerbroilers.com\/index.php?rest_route=%2Fwp%2Fv2%2Fmedia&parent=6542"}],"curies":[{"name":"wp","href":"https:\/\/api.w.org\/{rel}","templated":true}]}}